+ i = -2*g - 12. Give u(g).
6
Let u(c) = -c + 5. Suppose 0 = 3*d - 7*d - 92. Let q = -16 - d. What is u(q)?
-2
Let n(h) = h**3 + 5*h**2 + 5*h + 2. Suppose 0 = -5*p - 2*w + 8, -4*w - w + 20 = -5*p. Let v = -6 - -8. Suppose v*j + 6 = 2, p = -2*k + 4*j. Determine n(k).
-2
Let n(b) = -b**2 - 9*b + 8. Let j be n(-10). Let y(c) = c**3 + 2*c**2 + 2*c. Determine y(j).
-4
Suppose f - 30 = -k - 4*f, 2*k = 4*f - 10. Let j(u) = u**2 - 6*u + 2. Let x be j(k). Let n(c) = c**2 + 3*c. What is n(x)?
0
Let s(v) = 2*v + 5. Let u be 10/(-5 + (-6)/(-2)). Calculate s(u).
-5
Let t(k) = -k**3 + 9*k**2 + 4. Let j be (-1)/(((-2)/6)/1). Let x be j/(-6)*-18 + 0. Let f be t(x). Let q(s) = -s - 1. Calculate q(f).
-5
Let x(h) be the second derivative of -h**7/2520 + h**6/720 - h**5/120 - h**4/4 - h. Let z(v) be the third derivative of x(v). Determine z(3).
-7
Let h(c) = c**3 - 5*c**2 - c - 3. Let y = 15 - 10. Give h(y).
-8
Let z be 4 - 1 - (-1)/(-1). Let u(k) = -k**2 + 2*k - 5*k + z*k + 7. Determine u(0).
7
Let c = -6 + 8. Let n be -1 + (0 - c) + 0. Let k(o) = -3*o - 2. What is k(n)?
7
Let h(i) = -3*i**2 + 2*i + 1. Suppose -2*b - 10 = -3*g + 1, 3*g - 3*b = 9. Suppose -3*l = 2*n + g, 0*n = -2*n + 2*l. Give h(n).
-4
Let i(j) = -8*j**2 + 14*j - 8. Let q(s) = 3*s**2 - 5*s + 3. Let a(n) = 4*i(n) + 11*q(n). Suppose 2*v = 2*r - 2, r = 6*r - 3*v - 7. Determine a(r).
7
Let v(o) be the second derivative of -o**4/12 - 5*o**3/6 + o**2 + 6*o. Determine v(-4).
6
Let d = -3 - -2. Suppose -3*m + 1 + 2 = 0. Let i(x) = m - 7 + 5 - 6*x. Give i(d).
5
Suppose 2 = -3*n + 8. Suppose 0 = -n*p + 2*c - 18, 2*c = -5 + 13. Let g(l) = -6*l - 7. Let b(x) = -5*x - 7. Let r(k) = 5*b(k) - 4*g(k). What is r(p)?
-2
Suppose 11 = 4*n - 1. Let c(d) = 2*d**2 - 8*d**n + d - 2 + d**3 + 2. Suppose v - 2 = -a - 4, -5*v - 9 = 4*a. Determine c(v).
8
Let s(y) be the first derivative of 2*y**3/3 + 5*y - 2. Let j(v) be the first derivative of s(v). Determine j(-1).
-4
Let p(j) be the second derivative of -j**4/6 - j**2/2 - 58*j - 1. Let l(k) = k - 1. Let t be l(2). Give p(t).
-3
Let c(t) = 3*t + 1. Suppose 4*b - 2*b - 20 = 0. Suppose 2*k + 3*k = -o + 6, -5*o + b = 5*k. What is c(k)?
4
Let a = 4 - 7. Let i(b) = 2 + b + 0 + 4*b**2 - 5*b**2 + b**3 + 5*b**2. What is i(a)?
8
Let q(l) = l**3 - 5*l**2 + l + 1. Let t(o) = o**2 - o + 6. Let p be t(0). Let k = p + -1. Give q(k).
6
Let o(y) = 2*y**2 - 4*y**2 - 2*y - 4 + 3. Determine o(-1).
-1
Let s(a) = a**3 + 8*a**2 - 8*a + 10. Suppose -3*y + 3*d - 12 = 0, -61 = 5*y + 4*d + 4. Let k be s(y). Let u(x) = -x. What is u(k)?
-1
Let t(i) be the third derivative of -i**8/20160 - i**7/1680 + i**6/240 + i**5/15 + 7*i**2. Let r(o) be the third derivative of t(o). Calculate r(-4).
-1
Let j(a) = a**2 - 2. Suppose -c - 52 + 50 = 0. Determine j(c).
2
Let f(k) = -k + 1. Let i(j) = -2*j + 1. Let n(c) = -2*c + 3. Let z be n(2). Let l be i(z). What is f(l)?
-2
Suppose -w + r = 3, 3*w = r - 6 + 1. Let x(t) = -2*t - 1. What is x(w)?
1
Let d(x) = -x**3 + x**2 - 2. Let s = 2 + -1. Let n(p) = -p**2 - p. Let r(b) = s*d(b) - 3*n(b). Let o be ((-9)/(9/2))/((-10)/20). Calculate r(o).
10
Let j(h) = h. Let y = 8 + -5. Suppose 2*q - 2*b - y*b = -31, -18 = q - 3*b. Determine j(q).
-3
Let r = -11 - -14. Let m be (2/r)/(2/(-12)). Let c(t) be the first derivative of -t**3/3 - 5*t**2/2 + 2*t - 2. Give c(m).
6
Let f(c) = c + 2. Let q be f(4). Let m(p) be the third derivative of p**4/24 - 4*p**3/3 - 2*p**2. Calculate m(q).
-2
Suppose 6 = 5*r - 4*r. Let y(h) = -h**3 + 5*h**2 + 5*h - 3. Give y(r).
-9
Let l(d) = -2*d + 1. Let g be l(-2). Let c(k) = k - 1. Calculate c(g).
4
Suppose -5*r = -4*j + 29, r + 3*j - 1 = -3. Let k(t) = 4*t + t - 4*t + 3. Give k(r).
-2
Let v(m) be the second derivative of 2*m - 1/2*m**3 + 0 - 1/4*m**4 - 1/20*m**5 - m**2. Calculate v(-3).
7
Let v(d) = -5*d**2 - 5*d + 6. Let c(g) = -14*g**2 - 15*g + 17. Let w(u) = -4*c(u) + 11*v(u). What is w(-6)?
4
Let w(x) = 2*x - 5*x + 4*x. Let l be (22/4)/(-11) + (-2)/4. Determine w(l).
-1
Let i(o) = 3*o - 1. Let n(d) = 8*d - 2. Let c(b) = -11*i(b) + 4*n(b). Let z(g) = -g**2 + 9*g - 3. Let p be z(8). Let k = p - 5. What is c(k)?
3
Let w(n) be the first derivative of 5*n**2/2 - 3*n + 3. Calculate w(3).
12
Suppose -2*q + 0*q + 2*p = 6, -p - 33 = 5*q. Let m = q - -2. Let l(r) = r - 4. Let h(a) = 1. Let g(n) = -2*h(n) - l(n). Calculate g(m).
6
Let f = -58 - -52. Let y(s) = -4*s - 9. Determine y(f).
15
Let t be ((-4)/6)/(3/(-18)). Let d(y) = 0*y + t*y + y**3 + 3 - y**2 - 6*y**2 + y**2. What is d(5)?
-2
Let z(v) = 2*v**3 + 5*v**2 - 2*v - 2. Let i(y) = -2*y**3 - 6*y**2 + 2*y + 3. Let r(u) = -4*i(u) - 5*z(u). What is r(2)?
-18
Let p(g) = 5*g**3 - 10*g - 4. Let x(r) = -r**3 + r**2 + r. Let h(n) = p(n) + 6*x(n). Let a be (-4 - (-3 - 0))*2. Let b be -2*(a - (-1)/(-2)). Calculate h(b).
1
Let s(t) be the first derivative of -t**3/3 - 3*t**2/2 - 4*t - 6. What is s(-4)?
-8
Let l(g) = -6*g + 35. Let w be l(7). Let o(t) = -t**2 - 7*t + 4. Determine o(w).
4
Let u(a) = -1 + 10*a - 4*a - 7*a. Calculate u(5).
-6
Let l(t) be the third derivative of t**6/120 - 2*t**5/15 + 7*t**4/24 - 3*t**3/2 - 6*t**2. Determine l(7).
-9
Let g(v) = 0*v + v + 72 - 56. What is g(-7)?
9
Let d(c) = c**2 + 4*c - 3. Let a = 23 - 28. Calculate d(a).
2
Let p be 0 + -2 + 0 + -2. Let u(i) = -11*i**2 - 23*i + 3. Let f(n) = 7*n**2 + 15*n - 2. Let k(a) = 8*f(a) + 5*u(a). Give k(p).
-5
Let i(c) = 5*c**2 - 3*c + 4. Let v(s) = 4*s**2 - 2*s + 3. Let z(p) = -3*i(p) + 4*v(p). Give z(-1).
0
Let q(s) = -54 - 50 + 100 + 2*s. Calculate q(6).
8
Let b be ((-49)/14)/((-2)/4 + 0). Let d(l) = 2*l + 6. Calculate d(b).
20
Let n(p) be the first derivative of p**2/2 - 9*p - 14. Determine n(6).
-3
Let w(p) = 8*p**2 + 2*p + 5. Let t be 18/4*(-4)/3. Let h(l) = 7*l**2 + l + 4. Let x(d) = t*w(d) + 7*h(d). Give x(5).
-2
Let q(j) be the first derivative of -1/2*j**2 - 1/3*j**3 + 7 + j. Determine q(-3).
-5
Let h = 4 - 6. Let l(b) = -2*b**3 + 3*b**2 + 13*b + 9. Let f(c) = -3 + 4 - c**3 + 6*c + 3 - c**2 + 2*c**2. Let t(k) = 7*f(k) - 3*l(k). Give t(h).
-5
Let j(a) = a**2 - 3*a + 3. Let x = -2 - -4. Suppose -2*l = k + 6, 3*k + x*k = -3*l - 2. What is j(k)?
1
Let p(f) = 2*f**2 - f - 1. Let d be p(-1). Let l(a) = 2*a + a**3 - 2*a - a**d - 2*a**2 - a + 1. Determine l(3).
-2
Let t be (-5)/2*(-144)/(-60). Let y(d) = d**2 + 5*d + 6. Determine y(t).
12
Let t(v) = v + 2. Let i be (2 - 1)/(1/(-2) - -1). Give t(i).
4
Let d(x) = x + 1. Let y(i) = -5*i - 3. Let l(q) = -3*d(q) - y(q). Give l(3).
6
Let l be 4/(-2)*42/12. Let a(y) be the third derivative of -y**5/60 - y**4/4 + 2*y**3/3 + y**2. Let c be a(l). Let m(i) = -i**3 - 4*i**2 - 4*i - 2. Give m(c).
1
Let u(y) be the second derivative of -y**4/12 - 7*y**3/6 + 2*y**2 + 20*y. Determine u(-5).
14
Let p(w) = -16*w**2 - 8*w - 2. Let o(f) = 18*f**2 + 9*f + 2. Let j(z) = 4*o(z) + 5*p(z). What is j(-2)?
-26
Suppose 5*d - 1 = 3*s - 20, 3*d = 2*s - 12. Let l(k) = 2*k - 2. Determine l(s).
4
Let o(m) be the third derivative of -m**6/120 - m**5/12 + m**4/4 - m**2. Let q = -5 + -1. Calculate o(q).
0
Let q(u) = -u - 1. Let d be (22/4)/(2/4). Suppose 2*p - 5*t = -10, -3*p - 2*t = 4 + d. Determine q(p).
4
Let m(x) = -x**3 + 3*x**2 - x + 4. Let a(f) = 1 - 4*f - 2 + f - 2. Let p be a(-2). Calculate m(p).
1
Let k(o) = 5*o + 5. Let j(h) = -14*h - 16. Let w(f) = -2*j(f) - 7*k(f). Let v(a) = 8*a + 3. Let b(z) = -6*v(z) - 7*w(z). Give b(-6).
-3
Let y(v) = v - 1. Let s(p) = -p**2 - 7*p - 1. Let i(t) = s(t) + 3*y(t). Determine i(-4).
-4
Let o(h) = -10 + 13 + 0*h**3 + h**3 - 3*h + 2*h. Give o(0).
3
Suppose -4*h - 29 = -1. Let w = h + 5. Let n(j) = -j**3 - 2*j**2. What is n(w)?
0
Suppose 0 = 5*f + 4*i + 20, 2*f + 5*i + 25 = -f. Let l(s) = s. Determine l(f).
0
Let y(r) be the third derivative of 0*r + 0 + 1/24*r**4 + 1/3*r**3 + 3*r**2. What is y(-6)?
-4
Let m be 18/(-4) + (-3)/6. Let n(g) = -3*g + 10. Let d(t) = 2*t - 9. Let i(y) = 6*d(y) + 5*n(y). Give i(m).
11
Let j(a) = 2*a**2 - 13*a + 11. Let v(y) = y**2 - 6*y + 5. Let w = 5 + -5. Suppose 0 = o - w*o + 2. Let t(c) = o*j(c) + 5*v(c). Give t(3).
0
Let c(h) be the third derivative of h**5/60 + 7*h**4/24 - 5*h**3/3 + 38*h**2. Give c(-8).
-2
Let x(b) = b**2 + 7*b + 2. Let g = 9 + -15. Determine x(g).
-4
Let j be 4/((-32)/(-10)) + (-2)/8. Let t(m) = -3*m**3 + m**2. Give t(j).
-